ighest common factor of 22 and 2.
2
Calculate the greatest common divisor of 35 and 215.
5
What is the highest common divisor of 949 and 1001?
13
What is the greatest common factor of 92 and 506?
46
What is the highest common divisor of 10 and 310?
10
Calculate the highest common divisor of 2 and 362.
2
Calculate the greatest common divisor of 234 and 1248.
78
What is the greatest common divisor of 13038 and 265?
53
What is the highest common factor of 884 and 68?
68
Calculate the highest common factor of 143 and 208.
13
Calculate the greatest common factor of 67 and 1943.
67
Calculate the highest common divisor of 12 and 156.
12
What is the greatest common divisor of 35 and 945?
35
Calculate the highest common divisor of 25 and 400.
25
What is the greatest common factor of 25 and 1475?
25
What is the greatest common divisor of 384 and 1752?
24
Calculate the greatest common factor of 918 and 17.
17
Calculate the highest common divisor of 133 and 567.
7
Calculate the greatest common divisor of 504 and 216.
72
What is the highest common divisor of 1380 and 60?
60
Calculate the greatest common factor of 2006 and 34.
34
Calculate the highest common divisor of 21 and 147.
21
What is the greatest common divisor of 6256 and 92?
92
What is the highest common divisor of 6573 and 42?
21
What is the highest common factor of 11816 and 211?
211
Calculate the greatest common factor of 24 and 3204.
12
Calculate the highest common factor of 24 and 3144.
24
Calculate the highest common divisor of 4130 and 280.
70
Calculate the highest common factor of 190 and 40.
10
Calculate the greatest common divisor of 42 and 1050.
42
What is the highest common divisor of 25 and 155?
5
What is the highest common factor of 20 and 320?
20
What is the highest common divisor of 12 and 1704?
12
What is the greatest common divisor of 18 and 2946?
6
What is the greatest common divisor of 2494 and 86?
86
What is the greatest common factor of 588 and 924?
84
Calculate the greatest common factor of 82 and 82.
82
What is the highest common divisor of 112 and 2?
2
What is the highest common factor of 32 and 584?
8
Calculate the greatest common factor of 1173 and 23.
23
Calculate the highest common divisor of 76 and 44.
4
What is the greatest common factor of 18053 and 7?
7
What is the greatest common divisor of 13 and 611?
13
Calculate the highest common factor of 75 and 45.
15
What is the greatest common factor of 459 and 136?
17
Calculate the greatest common divisor of 21 and 196.
7
Calculate the greatest common factor of 385 and 35.
35
What is the highest common divisor of 143 and 1170?
13
Calculate the highest common factor of 20 and 2870.
10
Calculate the highest common factor of 6476 and 8.
4
Calculate the highest common factor of 702 and 594.
54
Calculate the highest common divisor of 67 and 469.
67
What is the highest common factor of 56 and 116?
4
What is the highest common divisor of 81 and 108?
27
What is the greatest common divisor of 63 and 42?
21
What is the highest common factor of 396 and 220?
44
Calculate the highest common divisor of 1525 and 183.
61
What is the greatest common factor of 62 and 25327?
31
Calculate the greatest common factor of 63 and 588.
21
What is the highest common factor of 14 and 2?
2
What is the greatest common divisor of 1 and 63?
1
Calculate the greatest common factor of 235 and 25.
5
Calculate the greatest common divisor of 2159 and 561.
17
Calculate the highest common factor of 536 and 335.
67
Calculate the highest common divisor of 126 and 4.
2
What is the greatest common factor of 84 and 161?
7
Calculate the highest common factor of 365 and 803.
73
Calculate the highest common factor of 78 and 3952.
26
Calculate the highest common factor of 1752 and 24.
24
What is the greatest common divisor of 17 and 272?
17
What is the highest common divisor of 45 and 3015?
45
Calculate the highest common divisor of 429 and 57.
3
Calculate the highest common factor of 37 and 999.
37
Calculate the greatest common factor of 190 and 50.
10
What is the greatest common factor of 147 and 2625?
21
What is the greatest common factor of 213 and 497?
71
What is the highest common divisor of 654 and 6?
6
Calculate the highest common divisor of 928 and 261.
29
What is the highest common divisor of 736 and 115?
23
Calculate the highest common divisor of 8 and 776.
8
What is the highest common divisor of 86210 and 37?
37
Calculate the highest common factor of 612 and 1088.
68
Calculate the highest common divisor of 132 and 132.
132
Calculate the greatest common divisor of 104 and 8216.
104
Calculate the highest common divisor of 14 and 1134.
14
What is the greatest common factor of 3550 and 142?
142
What is the highest common divisor of 3937 and 31?
31
What is the highest common factor of 232 and 88?
8
Calculate the highest common factor of 190 and 475.
95
Calculate the greatest common factor of 88 and 37928.
88
What is the greatest common divisor of 8 and 2?
2
Calculate the greatest common factor of 15 and 45.
15
What is the highest common factor of 11880 and 80?
40
What is the greatest common divisor of 88 and 517?
11
Calculate the greatest common divisor of 497 and 7.
7
What is the greatest common factor of 8 and 1004?
4
What is the highest common factor of 5341 and 196?
49
What is the highest common factor of 80 and 500?
20
Calculate the greatest common factor of 3465 and 180.
45
Calculate the greatest common divisor of 555 and 15.
15
Calculate the highest common factor of 472 and 1298.
118
Calculate the highest common divisor of 155 and 2511.
31
What is the highest common divisor of 7 and 1351?
7
Calculate the greatest common divisor of 1102 and 203.
29
Calculate the highest common factor of 1565 and 4069.
313
Calculate the highest common factor of 6 and 4317.
3
Calculate the greatest common factor of 803 and 33.
11
Calculate the greatest common divisor of 114 and 30.
6
Calculate the greatest common divisor of 925 and 15.
5
Calculate the highest common factor of 18 and 1791.
9
What is the highest common divisor of 69 and 4623?
69
Calculate the highest common divisor of 60 and 29220.
60
Calculate the greatest common factor of 65 and 143.
13
Calculate the greatest common divisor of 154 and 196.
14
What is the greatest common factor of 42 and 1344?
42
What is the highest common factor of 805 and 35?
35
What is the greatest common factor of 11275 and 165?
55
What is the highest common divisor of 201 and 1139?
67
Calculate the greatest common divisor of 1320 and 528.
264
Calculate the highest common factor of 282 and 1457.
47
Calculate the greatest common factor of 45 and 10.
5
What is the highest common divisor of 98 and 637?
49
Calculate the highest common factor of 340 and 8.
4
What is the highest common factor of 917 and 21?
7
Calculate the greatest common divisor of 19 and 589.
19
What is the greatest common factor of 105 and 225?
15
What is the highest common factor of 1140 and 60?
60
Calculate the highest common divisor of 596 and 20.
4
What is the highest common factor of 300 and 500?
100
Calculate the greatest common divisor of 2385 and 9.
9
What is the greatest common divisor of 40 and 730?
10
What is the greatest common divisor of 294 and 19257?
147
What is the greatest common divisor of 1808 and 96?
16
Calculate the highest common factor of 54 and 36.
18
What is the greatest common divisor of 13554 and 27?
27
Calculate the greatest common factor of 515 and 5.
5
Calculate the highest common factor of 40 and 2864.
8
Calculate the highest common divisor of 324 and 24.
12
Calculate the highest common factor of 92 and 874.
46
Calculate the greatest common factor of 96 and 114.
6
Calculate the greatest common divisor of 1017 and 81.
9
Calculate the greatest common factor of 140 and 8860.
20
Calculate the greatest common divisor of 3159 and 65.
13
What is the greatest common factor of 40 and 120?
40
What is the greatest common divisor of 490 and 10?
10
What is the greatest common divisor of 20 and 80?
20
What is the highest common divisor of 72 and 63?
9
Calculate the highest common factor of 2412 and 1005.
201
Calculate the greatest common divisor of 15946 and 34.
34
What is the greatest common factor of 1166 and 2438?
106
Calculate the highest common fact